{"version":"1.0","provider_name":"Iberdrola 125 aniversario","provider_url":"https:\/\/www.125.iberdrola.com\/en\/","author_name":"\u00cd\u00f1igo Su\u00e1rez","author_url":"https:\/\/www.125.iberdrola.com\/en\/author\/inigosuarez\/","title":"Iberdrola Music Festival \/ Valencia - Iberdrola 125 aniversario","type":"rich","width":600,"height":338,"html":"<blockquote class=\"wp-embedded-content\" data-secret=\"JnU3SbzFiW\"><a href=\"https:\/\/www.125.iberdrola.com\/en\/evento\/iberdrola-music-festival-valencia\/\">Iberdrola Music Festival \/ Valencia<\/a><\/blockquote><iframe sandbox=\"allow-scripts\" security=\"restricted\" src=\"https:\/\/www.125.iberdrola.com\/en\/evento\/iberdrola-music-festival-valencia\/embed\/#?secret=JnU3SbzFiW\" width=\"600\" height=\"338\" title=\"&#8220;Iberdrola Music Festival \/ Valencia&#8221; &#8212; Iberdrola 125 aniversario\" data-secret=\"JnU3SbzFiW\" frameborder=\"0\" marginwidth=\"0\" marginheight=\"0\" scrolling=\"no\" class=\"wp-embedded-content\"><\/iframe><script>\n\/*! This file is auto-generated *\/\n!function(d,l){\"use strict\";l.querySelector&&d.addEventListener&&\"undefined\"!=typeof URL&&(d.wp=d.wp||{},d.wp.receiveEmbedMessage||(d.wp.receiveEmbedMessage=function(e){var t=e.data;if((t||t.secret||t.message||t.value)&&!\/[^a-zA-Z0-9]\/.test(t.secret)){for(var s,r,n,a=l.querySelectorAll('iframe[data-secret=\"'+t.secret+'\"]'),o=l.querySelectorAll('blockquote[data-secret=\"'+t.secret+'\"]'),c=new RegExp(\"^https?:$\",\"i\"),i=0;i<o.length;i++)o[i].style.display=\"none\";for(i=0;i<a.length;i++)s=a[i],e.source===s.contentWindow&&(s.removeAttribute(\"style\"),\"height\"===t.message?(1e3<(r=parseInt(t.value,10))?r=1e3:~~r<200&&(r=200),s.height=r):\"link\"===t.message&&(r=new URL(s.getAttribute(\"src\")),n=new URL(t.value),c.test(n.protocol))&&n.host===r.host&&l.activeElement===s&&(d.top.location.href=t.value))}},d.addEventListener(\"message\",d.wp.receiveEmbedMessage,!1),l.addEventListener(\"DOMContentLoaded\",function(){for(var e,t,s=l.querySelectorAll(\"iframe.wp-embedded-content\"),r=0;r<s.length;r++)(t=(e=s[r]).getAttribute(\"data-secret\"))||(t=Math.random().toString(36).substring(2,12),e.src+=\"#?secret=\"+t,e.setAttribute(\"data-secret\",t)),e.contentWindow.postMessage({message:\"ready\",secret:t},\"*\")},!1)))}(window,document);\n\/\/# sourceURL=https:\/\/www.125.iberdrola.com\/wp-includes\/js\/wp-embed.min.js\n<\/script>\n","thumbnail_url":"https:\/\/www.125.iberdrola.com\/wp-content\/uploads\/2025\/10\/Iberdrola-Music-Festival-Valencia-copia-scaled-1.webp","thumbnail_width":2000,"thumbnail_height":984,"description":"We want to celebrate the history of Iberdrola \u2013 with music, and with you To mark Iberdrola\u2019s 125th anniversary, we will hold three festivals in different locations, so that we can celebrate a story that unites us through music At Iberdrola, we know that music is a way to bring people together, regardless of their [&hellip;]"}

Íñigo Suárez
